{"id":1700,"date":"2017-11-05T20:26:52","date_gmt":"2017-11-05T19:26:52","guid":{"rendered":"http:\/\/dev.hotel-maritimo.hr\/?post_type=room_type&#038;p=1700"},"modified":"2019-07-20T12:54:59","modified_gmt":"2019-07-20T10:54:59","slug":"junior-suite","status":"publish","type":"room_type","link":"https:\/\/www.hotel-maritimo.hr\/de\/room_type\/junior-suite\/","title":{"rendered":"Junior suite"},"content":{"rendered":"<p>&#8211; <strong>Junior suite (2+2), Fenster zur Gebirgsseite<\/strong> \u2013 ger\u00e4umige und gem\u00fctliche Suite mit einem Schlafzimmer mit Ehebett und einem Vorzimmer mit einer Couch, die als Zusatzbett f\u00fcr einen Erwachsenen oder zwei Kinder genutzt werden kann.<\/p>\n<ul>\n<li>Bad mit Haarf\u00f6n<\/li>\n<li>SAT TV<\/li>\n<li>Telefon<\/li>\n<li>Internetanschluss<\/li>\n<li>kostenloses WLAN<\/li>\n<li>Minibar<\/li>\n<li>Safe<\/li>\n<li>Klimaanlage<\/li>\n<li>Wasserkocher auf Anfrage<\/li>\n<li>27 m2<\/li>\n<\/ul>\n","protected":false},"featured_media":2300,"parent":0,"template":"","class_list":["post-1700","room_type","type-room_type","status-publish","has-post-thumbnail","hentry"],"yoast_head":"<!-- This site is optimized with the Yoast SEO plugin v27.3 - https:\/\/yoast.com\/product\/yoast-seo-wordpress\/ -->\n<title>Junior suite - Hotel Maritimo<\/title>\n<meta name=\"robots\" content=\"index, follow, max-snippet:-1, max-image-preview:large, max-video-preview:-1\" \/>\n<link rel=\"canonical\" href=\"https:\/\/www.hotel-maritimo.hr\/de\/room_type\/junior-suite\/\" \/>\n<meta property=\"og:locale\" content=\"de_DE\" \/>\n<meta property=\"og:type\" content=\"article\" \/>\n<meta property=\"og:title\" content=\"Junior suite - Hotel Maritimo\" \/>\n<meta property=\"og:description\" content=\"- Junior suite (2+2), Fenster zur Gebirgsseite \u2013 ger\u00e4umige und gem\u00fctliche Suite mit einem Schlafzimmer mit Ehebett und einem Vorzimmer mit einer Couch, die als Zusatzbett f\u00fcr einen Erwachsenen oder zwei Kinder genutzt werden kann.\" \/>\n<meta property=\"og:url\" content=\"https:\/\/www.hotel-maritimo.hr\/de\/room_type\/junior-suite\/\" \/>\n<meta property=\"og:site_name\" content=\"Hotel Maritimo\" \/>\n<meta property=\"article:modified_time\" content=\"2019-07-20T10:54:59+00:00\" \/>\n<meta property=\"og:image\" content=\"https:\/\/www.hotel-maritimo.hr\/wp-content\/uploads\/2016\/07\/Hotel-Maritimo-Soba-5-1-of-21.jpg\" \/>\n\t<meta property=\"og:image:width\" content=\"2447\" \/>\n\t<meta property=\"og:image:height\" content=\"1634\" \/>\n\t<meta property=\"og:image:type\" content=\"image\/jpeg\" \/>\n<meta name=\"twitter:card\" content=\"summary_large_image\" \/>\n<script type=\"application\/ld+json\" class=\"yoast-schema-graph\">{\"@context\":\"https:\\\/\\\/schema.org\",\"@graph\":[{\"@type\":\"WebPage\",\"@id\":\"https:\\\/\\\/www.hotel-maritimo.hr\\\/de\\\/room_type\\\/junior-suite\\\/\",\"url\":\"https:\\\/\\\/www.hotel-maritimo.hr\\\/de\\\/room_type\\\/junior-suite\\\/\",\"name\":\"Junior suite - Hotel Maritimo\",\"isPartOf\":{\"@id\":\"https:\\\/\\\/www.hotel-maritimo.hr\\\/#website\"},\"primaryImageOfPage\":{\"@id\":\"https:\\\/\\\/www.hotel-maritimo.hr\\\/de\\\/room_type\\\/junior-suite\\\/#primaryimage\"},\"image\":{\"@id\":\"https:\\\/\\\/www.hotel-maritimo.hr\\\/de\\\/room_type\\\/junior-suite\\\/#primaryimage\"},\"thumbnailUrl\":\"https:\\\/\\\/www.hotel-maritimo.hr\\\/wp-content\\\/uploads\\\/2016\\\/07\\\/Hotel-Maritimo-Soba-5-1-of-21.jpg\",\"datePublished\":\"2017-11-05T19:26:52+00:00\",\"dateModified\":\"2019-07-20T10:54:59+00:00\",\"breadcrumb\":{\"@id\":\"https:\\\/\\\/www.hotel-maritimo.hr\\\/de\\\/room_type\\\/junior-suite\\\/#breadcrumb\"},\"inLanguage\":\"de\",\"potentialAction\":[{\"@type\":\"ReadAction\",\"target\":[\"https:\\\/\\\/www.hotel-maritimo.hr\\\/de\\\/room_type\\\/junior-suite\\\/\"]}]},{\"@type\":\"ImageObject\",\"inLanguage\":\"de\",\"@id\":\"https:\\\/\\\/www.hotel-maritimo.hr\\\/de\\\/room_type\\\/junior-suite\\\/#primaryimage\",\"url\":\"https:\\\/\\\/www.hotel-maritimo.hr\\\/wp-content\\\/uploads\\\/2016\\\/07\\\/Hotel-Maritimo-Soba-5-1-of-21.jpg\",\"contentUrl\":\"https:\\\/\\\/www.hotel-maritimo.hr\\\/wp-content\\\/uploads\\\/2016\\\/07\\\/Hotel-Maritimo-Soba-5-1-of-21.jpg\",\"width\":2447,\"height\":1634,\"caption\":\"Hotel Maritimo\"},{\"@type\":\"BreadcrumbList\",\"@id\":\"https:\\\/\\\/www.hotel-maritimo.hr\\\/de\\\/room_type\\\/junior-suite\\\/#breadcrumb\",\"itemListElement\":[{\"@type\":\"ListItem\",\"position\":1,\"name\":\"Home\",\"item\":\"https:\\\/\\\/www.hotel-maritimo.hr\\\/de\\\/\"},{\"@type\":\"ListItem\",\"position\":2,\"name\":\"Room Types\",\"item\":\"https:\\\/\\\/www.hotel-maritimo.hr\\\/room_type\\\/\"},{\"@type\":\"ListItem\",\"position\":3,\"name\":\"Junior suite\"}]},{\"@type\":\"WebSite\",\"@id\":\"https:\\\/\\\/www.hotel-maritimo.hr\\\/#website\",\"url\":\"https:\\\/\\\/www.hotel-maritimo.hr\\\/\",\"name\":\"Hotel Maritimo\",\"description\":\"\",\"potentialAction\":[{\"@type\":\"SearchAction\",\"target\":{\"@type\":\"EntryPoint\",\"urlTemplate\":\"https:\\\/\\\/www.hotel-maritimo.hr\\\/?s={search_term_string}\"},\"query-input\":{\"@type\":\"PropertyValueSpecification\",\"valueRequired\":true,\"valueName\":\"search_term_string\"}}],\"inLanguage\":\"de\"}]}<\/script>\n<!-- \/ Yoast SEO plugin. -->","yoast_head_json":{"title":"Junior suite - Hotel Maritimo","robots":{"index":"index","follow":"follow","max-snippet":"max-snippet:-1","max-image-preview":"max-image-preview:large","max-video-preview":"max-video-preview:-1"},"canonical":"https:\/\/www.hotel-maritimo.hr\/de\/room_type\/junior-suite\/","og_locale":"de_DE","og_type":"article","og_title":"Junior suite - Hotel Maritimo","og_description":"- Junior suite (2+2), Fenster zur Gebirgsseite \u2013 ger\u00e4umige und gem\u00fctliche Suite mit einem Schlafzimmer mit Ehebett und einem Vorzimmer mit einer Couch, die als Zusatzbett f\u00fcr einen Erwachsenen oder zwei Kinder genutzt werden kann.","og_url":"https:\/\/www.hotel-maritimo.hr\/de\/room_type\/junior-suite\/","og_site_name":"Hotel Maritimo","article_modified_time":"2019-07-20T10:54:59+00:00","og_image":[{"width":2447,"height":1634,"url":"https:\/\/www.hotel-maritimo.hr\/wp-content\/uploads\/2016\/07\/Hotel-Maritimo-Soba-5-1-of-21.jpg","type":"image\/jpeg"}],"twitter_card":"summary_large_image","schema":{"@context":"https:\/\/schema.org","@graph":[{"@type":"WebPage","@id":"https:\/\/www.hotel-maritimo.hr\/de\/room_type\/junior-suite\/","url":"https:\/\/www.hotel-maritimo.hr\/de\/room_type\/junior-suite\/","name":"Junior suite - Hotel Maritimo","isPartOf":{"@id":"https:\/\/www.hotel-maritimo.hr\/#website"},"primaryImageOfPage":{"@id":"https:\/\/www.hotel-maritimo.hr\/de\/room_type\/junior-suite\/#primaryimage"},"image":{"@id":"https:\/\/www.hotel-maritimo.hr\/de\/room_type\/junior-suite\/#primaryimage"},"thumbnailUrl":"https:\/\/www.hotel-maritimo.hr\/wp-content\/uploads\/2016\/07\/Hotel-Maritimo-Soba-5-1-of-21.jpg","datePublished":"2017-11-05T19:26:52+00:00","dateModified":"2019-07-20T10:54:59+00:00","breadcrumb":{"@id":"https:\/\/www.hotel-maritimo.hr\/de\/room_type\/junior-suite\/#breadcrumb"},"inLanguage":"de","potentialAction":[{"@type":"ReadAction","target":["https:\/\/www.hotel-maritimo.hr\/de\/room_type\/junior-suite\/"]}]},{"@type":"ImageObject","inLanguage":"de","@id":"https:\/\/www.hotel-maritimo.hr\/de\/room_type\/junior-suite\/#primaryimage","url":"https:\/\/www.hotel-maritimo.hr\/wp-content\/uploads\/2016\/07\/Hotel-Maritimo-Soba-5-1-of-21.jpg","contentUrl":"https:\/\/www.hotel-maritimo.hr\/wp-content\/uploads\/2016\/07\/Hotel-Maritimo-Soba-5-1-of-21.jpg","width":2447,"height":1634,"caption":"Hotel Maritimo"},{"@type":"BreadcrumbList","@id":"https:\/\/www.hotel-maritimo.hr\/de\/room_type\/junior-suite\/#breadcrumb","itemListElement":[{"@type":"ListItem","position":1,"name":"Home","item":"https:\/\/www.hotel-maritimo.hr\/de\/"},{"@type":"ListItem","position":2,"name":"Room Types","item":"https:\/\/www.hotel-maritimo.hr\/room_type\/"},{"@type":"ListItem","position":3,"name":"Junior suite"}]},{"@type":"WebSite","@id":"https:\/\/www.hotel-maritimo.hr\/#website","url":"https:\/\/www.hotel-maritimo.hr\/","name":"Hotel Maritimo","description":"","potentialAction":[{"@type":"SearchAction","target":{"@type":"EntryPoint","urlTemplate":"https:\/\/www.hotel-maritimo.hr\/?s={search_term_string}"},"query-input":{"@type":"PropertyValueSpecification","valueRequired":true,"valueName":"search_term_string"}}],"inLanguage":"de"}]}},"_links":{"self":[{"href":"https:\/\/www.hotel-maritimo.hr\/de\/wp-json\/wp\/v2\/room_type\/1700","targetHints":{"allow":["GET"]}}],"collection":[{"href":"https:\/\/www.hotel-maritimo.hr\/de\/wp-json\/wp\/v2\/room_type"}],"about":[{"href":"https:\/\/www.hotel-maritimo.hr\/de\/wp-json\/wp\/v2\/types\/room_type"}],"wp:featuredmedia":[{"embeddable":true,"href":"https:\/\/www.hotel-maritimo.hr\/de\/wp-json\/wp\/v2\/media\/2300"}],"wp:attachment":[{"href":"https:\/\/www.hotel-maritimo.hr\/de\/wp-json\/wp\/v2\/media?parent=1700"}],"curies":[{"name":"wp","href":"https:\/\/api.w.org\/{rel}","templated":true}]}}

<p>&#8211; <strong>Junior suite (2+2), Fenster zur Gebirgsseite</strong> – geräumige und gemütliche Suite mit einem Schlafzimmer mit Ehebett und einem Vorzimmer mit einer Couch, die als Zusatzbett für einen Erwachsenen oder zwei Kinder genutzt werden kann.</p>
<ul>
<li>Bad mit Haarfön</li>
<li>SAT TV</li>
<li>Telefon</li>
<li>Internetanschluss</li>
<li>kostenloses WLAN</li>
<li>Minibar</li>
<li>Safe</li>
<li>Klimaanlage</li>
<li>Wasserkocher auf Anfrage</li>
<li>27 m2</li>
</ul>

<!-- This site is optimized with the Yoast SEO plugin v27.3 - https://yoast.com/product/yoast-seo-wordpress/ -->
<title>Junior suite - Hotel Maritimo</title>
<meta name="robots" content="index, follow, max-snippet:-1, max-image-preview:large, max-video-preview:-1" />
<link rel="canonical" href="https://www.hotel-maritimo.hr/de/room_type/junior-suite/" />
<meta property="og:locale" content="de_DE" />
<meta property="og:type" content="article" />
<meta property="og:title" content="Junior suite - Hotel Maritimo" />
<meta property="og:description" content="- Junior suite (2+2), Fenster zur Gebirgsseite – geräumige und gemütliche Suite mit einem Schlafzimmer mit Ehebett und einem Vorzimmer mit einer Couch, die als Zusatzbett für einen Erwachsenen oder zwei Kinder genutzt werden kann." />
<meta property="og:url" content="https://www.hotel-maritimo.hr/de/room_type/junior-suite/" />
<meta property="og:site_name" content="Hotel Maritimo" />
<meta property="article:modified_time" content="2019-07-20T10:54:59+00:00" />
<meta property="og:image" content="https://www.hotel-maritimo.hr/wp-content/uploads/2016/07/Hotel-Maritimo-Soba-5-1-of-21.jpg" />
	<meta property="og:image:width" content="2447" />
	<meta property="og:image:height" content="1634" />
	<meta property="og:image:type" content="image/jpeg" />
<meta name="twitter:card" content="summary_large_image" />
<script type="application/ld+json" class="yoast-schema-graph">{"@context":"https:\/\/schema.org","@graph":[{"@type":"WebPage","@id":"https:\/\/www.hotel-maritimo.hr\/de\/room_type\/junior-suite\/","url":"https:\/\/www.hotel-maritimo.hr\/de\/room_type\/junior-suite\/","name":"Junior suite - Hotel Maritimo","isPartOf":{"@id":"https:\/\/www.hotel-maritimo.hr\/#website"},"primaryImageOfPage":{"@id":"https:\/\/www.hotel-maritimo.hr\/de\/room_type\/junior-suite\/#primaryimage"},"image":{"@id":"https:\/\/www.hotel-maritimo.hr\/de\/room_type\/junior-suite\/#primaryimage"},"thumbnailUrl":"https:\/\/www.hotel-maritimo.hr\/wp-content\/uploads\/2016\/07\/Hotel-Maritimo-Soba-5-1-of-21.jpg","datePublished":"2017-11-05T19:26:52+00:00","dateModified":"2019-07-20T10:54:59+00:00","breadcrumb":{"@id":"https:\/\/www.hotel-maritimo.hr\/de\/room_type\/junior-suite\/#breadcrumb"},"inLanguage":"de","potentialAction":[{"@type":"ReadAction","target":["https:\/\/www.hotel-maritimo.hr\/de\/room_type\/junior-suite\/"]}]},{"@type":"ImageObject","inLanguage":"de","@id":"https:\/\/www.hotel-maritimo.hr\/de\/room_type\/junior-suite\/#primaryimage","url":"https:\/\/www.hotel-maritimo.hr\/wp-content\/uploads\/2016\/07\/Hotel-Maritimo-Soba-5-1-of-21.jpg","contentUrl":"https:\/\/www.hotel-maritimo.hr\/wp-content\/uploads\/2016\/07\/Hotel-Maritimo-Soba-5-1-of-21.jpg","width":2447,"height":1634,"caption":"Hotel Maritimo"},{"@type":"BreadcrumbList","@id":"https:\/\/www.hotel-maritimo.hr\/de\/room_type\/junior-suite\/#breadcrumb","itemListElement":[{"@type":"ListItem","position":1,"name":"Home","item":"https:\/\/www.hotel-maritimo.hr\/de\/"},{"@type":"ListItem","position":2,"name":"Room Types","item":"https:\/\/www.hotel-maritimo.hr\/room_type\/"},{"@type":"ListItem","position":3,"name":"Junior suite"}]},{"@type":"WebSite","@id":"https:\/\/www.hotel-maritimo.hr\/#website","url":"https:\/\/www.hotel-maritimo.hr\/","name":"Hotel Maritimo","description":"","potentialAction":[{"@type":"SearchAction","target":{"@type":"EntryPoint","urlTemplate":"https:\/\/www.hotel-maritimo.hr\/?s={search_term_string}"},"query-input":{"@type":"PropertyValueSpecification","valueRequired":true,"valueName":"search_term_string"}}],"inLanguage":"de"}]}</script>
<!-- / Yoast SEO plugin. -->

- Junior suite (2+2), Fenster zur Gebirgsseite – geräumige und gemütliche Suite mit einem Schlafzimmer mit Ehebett und einem Vorzimmer mit einer Couch, die als Zusatzbett für einen Erwachsenen oder zwei Kinder genutzt werden kann.
